{"id":137,"date":"2020-07-21T16:20:52","date_gmt":"2020-07-21T16:20:52","guid":{"rendered":"http:\/\/www.baggeskaer.dk\/?page_id=137"},"modified":"2025-10-16T13:54:39","modified_gmt":"2025-10-16T13:54:39","slug":"mobiltelefondaekning","status":"publish","type":"page","link":"http:\/\/www.baggeskaer.dk\/?page_id=137","title":{"rendered":"Mobild\u00e6kning"},"content":{"rendered":"\n<p>Huset og grunden har ikke den bedste mobild\u00e6kning via mast &#8211; uanset hvilken udbyder du benytter dig af.<\/p>\n\n\n\n<p>Hvis du har en nyere smartphone, kan du derfor med stor fordel indstille din smartphone til at foretage og modtage wifi-opkald. Det foruds\u00e6tter forbindelse til vores tr\u00e5dl\u00f8se wifi. I hele huset er der god wifi d\u00e6kning &#8211; og den r\u00e6kker ogs\u00e5 et lille stykke udenfor huset.<\/p>\n\n\n\n<p><a href=\"https:\/\/mobil-daekning.dk\/wifi-opkald\/\">L\u00e6s eventuelt mere her<\/a><\/p>\n","protected":false},"excerpt":{"rendered":"<p>Huset og grunden har ikke den bedste mobild\u00e6kning via mast &#8211; uanset hvilken udbyder du benytter dig af. Hvis du har en nyere smartphone, kan du derfor med stor fordel indstille din smartphone til at foretage og modtage wifi-opkald. Det <a href=\"http:\/\/www.baggeskaer.dk\/?page_id=137\" class=\"more-link\">Read More<\/a><\/p>\n","protected":false},"author":1,"featured_media":0,"parent":85,"menu_order":0,"comment_status":"closed","ping_status":"closed","template":"","meta":{"footnotes":""},"class_list":["post-137","page","type-page","status-publish","hentry"],"_links":{"self":[{"href":"http:\/\/www.baggeskaer.dk\/index.php?rest_route=\/wp\/v2\/pages\/137","targetHints":{"allow":["GET"]}}],"collection":[{"href":"http:\/\/www.baggeskaer.dk\/index.php?rest_route=\/wp\/v2\/pages"}],"about":[{"href":"http:\/\/www.baggeskaer.dk\/index.php?rest_route=\/wp\/v2\/types\/page"}],"author":[{"embeddable":true,"href":"http:\/\/www.baggeskaer.dk\/index.php?rest_route=\/wp\/v2\/users\/1"}],"replies":[{"embeddable":true,"href":"http:\/\/www.baggeskaer.dk\/index.php?rest_route=%2Fwp%2Fv2%2Fcomments&post=137"}],"version-history":[{"count":2,"href":"http:\/\/www.baggeskaer.dk\/index.php?rest_route=\/wp\/v2\/pages\/137\/revisions"}],"predecessor-version":[{"id":265,"href":"http:\/\/www.baggeskaer.dk\/index.php?rest_route=\/wp\/v2\/pages\/137\/revisions\/265"}],"up":[{"embeddable":true,"href":"http:\/\/www.baggeskaer.dk\/index.php?rest_route=\/wp\/v2\/pages\/85"}],"wp:attachment":[{"href":"http:\/\/www.baggeskaer.dk\/index.php?rest_route=%2Fwp%2Fv2%2Fmedia&parent=137"}],"curies":[{"name":"wp","href":"https:\/\/api.w.org\/{rel}","templated":true}]}}