{"id":186,"date":"2020-07-23T09:54:41","date_gmt":"2020-07-23T09:54:41","guid":{"rendered":"http:\/\/www.baggeskaer.dk\/?page_id=186"},"modified":"2020-08-23T20:58:22","modified_gmt":"2020-08-23T20:58:22","slug":"sonos-lyd","status":"publish","type":"page","link":"http:\/\/www.baggeskaer.dk\/?page_id=186","title":{"rendered":"Sonos lyd"},"content":{"rendered":"\n<div class=\"wp-block-group\"><div class=\"wp-block-group__inner-container is-layout-flow wp-block-group-is-layout-flow\">\n<figure class=\"wp-block-image size-large is-resized\"><img loading=\"lazy\" decoding=\"async\" src=\"http:\/\/www.baggeskaer.dk\/wp-content\/uploads\/2020\/07\/sonos-move-1280x720-1-1024x576.jpg\" alt=\"\" class=\"wp-image-189\" width=\"502\" height=\"282\" srcset=\"http:\/\/www.baggeskaer.dk\/wp-content\/uploads\/2020\/07\/sonos-move-1280x720-1-1024x576.jpg 1024w, http:\/\/www.baggeskaer.dk\/wp-content\/uploads\/2020\/07\/sonos-move-1280x720-1-300x169.jpg 300w, http:\/\/www.baggeskaer.dk\/wp-content\/uploads\/2020\/07\/sonos-move-1280x720-1-768x432.jpg 768w, http:\/\/www.baggeskaer.dk\/wp-content\/uploads\/2020\/07\/sonos-move-1280x720-1.jpg 1280w\" sizes=\"auto, (max-width: 502px) 100vw, 502px\" \/><\/figure>\n<\/div><\/div>\n\n\n\n<p>Huset er pt. udstyret med 5 Sonos h\u00f8jtalere &#8211; 2 i poolrummet, 2 i stuen og en mobil h\u00f8jtaler, som du kan tage med hvor som helst i huset eller p\u00e5 terrasserne i haven. <\/p>\n\n\n\n<p>Du kan let f\u00e5 adgang til systemet via din egen streamingtjeneste eller via Sonos App, som kan downloades via Google Play eller Apple Store. Din telefon skal v\u00e6re forbundet med husets wifi. Du kan ogs\u00e5 bruge den mobile h\u00f8jtaler, Sonos Move via Bluetooth.<\/p>\n\n\n\n<p>Den mobile h\u00f8jtaler skal oplades i den s\u00e6rlige oplader, der normalt ligger i k\u00f8kkenet.<\/p>\n\n\n\n<p>Du kan l\u00e6se meget mere p\u00e5 <a href=\"https:\/\/www.sonos.com\/da-dk\/controller-app\">Sonos hjemmeside<\/a>.<\/p>\n","protected":false},"excerpt":{"rendered":"<p>Huset er pt. udstyret med 5 Sonos h\u00f8jtalere &#8211; 2 i poolrummet, 2 i stuen og en mobil h\u00f8jtaler, som du kan tage med hvor som helst i huset eller p\u00e5 terrasserne i haven. Du kan let f\u00e5 adgang til <a href=\"http:\/\/www.baggeskaer.dk\/?page_id=186\" class=\"more-link\">Read More<\/a><\/p>\n","protected":false},"author":1,"featured_media":0,"parent":85,"menu_order":0,"comment_status":"closed","ping_status":"closed","template":"","meta":{"footnotes":""},"class_list":["post-186","page","type-page","status-publish","hentry"],"_links":{"self":[{"href":"http:\/\/www.baggeskaer.dk\/index.php?rest_route=\/wp\/v2\/pages\/186","targetHints":{"allow":["GET"]}}],"collection":[{"href":"http:\/\/www.baggeskaer.dk\/index.php?rest_route=\/wp\/v2\/pages"}],"about":[{"href":"http:\/\/www.baggeskaer.dk\/index.php?rest_route=\/wp\/v2\/types\/page"}],"author":[{"embeddable":true,"href":"http:\/\/www.baggeskaer.dk\/index.php?rest_route=\/wp\/v2\/users\/1"}],"replies":[{"embeddable":true,"href":"http:\/\/www.baggeskaer.dk\/index.php?rest_route=%2Fwp%2Fv2%2Fcomments&post=186"}],"version-history":[{"count":5,"href":"http:\/\/www.baggeskaer.dk\/index.php?rest_route=\/wp\/v2\/pages\/186\/revisions"}],"predecessor-version":[{"id":225,"href":"http:\/\/www.baggeskaer.dk\/index.php?rest_route=\/wp\/v2\/pages\/186\/revisions\/225"}],"up":[{"embeddable":true,"href":"http:\/\/www.baggeskaer.dk\/index.php?rest_route=\/wp\/v2\/pages\/85"}],"wp:attachment":[{"href":"http:\/\/www.baggeskaer.dk\/index.php?rest_route=%2Fwp%2Fv2%2Fmedia&parent=186"}],"curies":[{"name":"wp","href":"https:\/\/api.w.org\/{rel}","templated":true}]}}