{"id":243,"date":"2021-08-30T19:31:30","date_gmt":"2021-08-30T19:31:30","guid":{"rendered":"http:\/\/www.baggeskaer.dk\/?page_id=243"},"modified":"2021-08-30T19:31:30","modified_gmt":"2021-08-30T19:31:30","slug":"gaestebog","status":"publish","type":"page","link":"http:\/\/www.baggeskaer.dk\/?page_id=243","title":{"rendered":"G\u00e6stebog"},"content":{"rendered":"<div class=\"gwolle-gb\"><div class=\"gwolle_gb_messages_top_container\"><\/div>\n\t\t\t<div class=\"gwolle-gb-write-button\">\n\t\t\t\t<input type=\"button\" name=\"gwolle-gb-write-button\" class=\"button btn btn-default \" value=\"Skriv et nyt indl\u00e6g\" \/>\n\t\t\t<\/div>\n\t\t\t<form action=\"#\" method=\"POST\" class=\"gwolle-gb-write gwolle-gb-hide gwolle-gb-float gwolle_gb_form_ajax gwolle-gb-form-ajax gwolle-gb-ajax gwolle-gb-not-logged-in\">\n\t\t\t\t<h3>Skriv et nyt indl\u00e6g i g\u00e6stebogen<\/h3>\n\t\t\t\t<button type=\"button\" class=\"gb-notice-dismiss\">x<span class=\"screen-reader-text\">Skjul denne formular<\/span><\/button>\n\t\t\t\n\t\t\t\t<input type=\"hidden\" name=\"gwolle_gb_function\" class=\"gwolle_gb_function\" value=\"add_entry\" \/><input type=\"hidden\" name=\"gwolle_gb_book_id\" class=\"gwolle_gb_book_id\" value=\"1\" \/><div class=\"gwolle_gb_6c2a958cceedf2c7cf9c48fe582a53a3\">\n\t\t\t\t<div class=\"label\"><label for=\"gwolle_gb_6c2a958cceedf2c7cf9c48fe582a53a3-1\" class=\"text-info\">Navn <span class=\"required\">*<\/span><\/label><\/div>\n\t\t\t\t<div class=\"input\"><input class=\"wp-exclude-emoji gwolle_gb_6c2a958cceedf2c7cf9c48fe582a53a3\" value=\"\" type=\"text\" id=\"gwolle_gb_6c2a958cceedf2c7cf9c48fe582a53a3-1\" name=\"gwolle_gb_6c2a958cceedf2c7cf9c48fe582a53a3\" required \/><\/div>\n\t\t\t\t<div class=\"clearBoth\">&nbsp;<\/div>\n\t\t\t<\/div><div class=\"gwolle_gb_a69db2e4e3cc38c9bd2ca9d71a8c8a73\">\n\t\t\t\t\t<div class=\"label\"><label for=\"gwolle_gb_a69db2e4e3cc38c9bd2ca9d71a8c8a73-1\" class=\"text-info\">By<\/label><\/div>\n\t\t\t\t\t<div class=\"input\"><input class=\"wp-exclude-emoji gwolle_gb_a69db2e4e3cc38c9bd2ca9d71a8c8a73\" value=\"\" type=\"text\" id=\"gwolle_gb_a69db2e4e3cc38c9bd2ca9d71a8c8a73-1\" name=\"gwolle_gb_a69db2e4e3cc38c9bd2ca9d71a8c8a73\" \/><\/div>\n\t\t\t\t\t<div class=\"clearBoth\">&nbsp;<\/div>\n\t\t\t\t<\/div><div class=\"gwolle_gb_7de1f6ed92d242689f5079794089ed98\">\n\t\t\t\t<div class=\"label\"><label for=\"gwolle_gb_7de1f6ed92d242689f5079794089ed98-1\" class=\"text-info\">E-mail<\/label><\/div>\n\t\t\t\t<div class=\"input\"><input class=\"gwolle_gb_7de1f6ed92d242689f5079794089ed98\" value=\"\" type=\"email\" id=\"gwolle_gb_7de1f6ed92d242689f5079794089ed98-1\" name=\"gwolle_gb_7de1f6ed92d242689f5079794089ed98\" \/><\/div>\n\t\t\t\t<div class=\"clearBoth\">&nbsp;<\/div>\n\t\t\t<\/div>\n\t\t\t<div class=\"gwolle_gb_f7c792cf8dd9d5dd662452d877a3158a\" style=\"display:none;overflow:hidden;\" hidden=\"true\" aria-hidden=\"true\">\n\t\t\t\t<div class=\"label\">\n\t\t\t\t\t<label for=\"gwolle_gb_f7c792cf8dd9d5dd662452d877a3158a-1\" class=\"text-primary\">R\u00f8r ikke ved dette<\/label>\n\t\t\t\t\t<label for=\"gwolle_gb_9aff1ab00898c0ac39417df0199ea865-1\" class=\"text-primary\">R\u00f8r ikke ved dette<\/label>\n\t\t\t\t<\/div>\n\t\t\t\t<div class=\"input\">\n\t\t\t\t\t<input value=\"13\" type=\"text\" id=\"gwolle_gb_f7c792cf8dd9d5dd662452d877a3158a-1\" name=\"gwolle_gb_f7c792cf8dd9d5dd662452d877a3158a\" class=\"gwolle_gb_f7c792cf8dd9d5dd662452d877a3158a\" style=\"transform: translateY(10000px);\" \/>\n\t\t\t\t\t<input value=\"\" type=\"text\" name=\"gwolle_gb_9aff1ab00898c0ac39417df0199ea865\" id=\"gwolle_gb_9aff1ab00898c0ac39417df0199ea865-1\" class=\"gwolle_gb_9aff1ab00898c0ac39417df0199ea865\" style=\"transform: translateY(10000px);\" \/>\n\t\t\t\t<\/div>\n\t\t\t\t<div class=\"clearBoth\"><\/div>\n\t\t\t<\/div>\n\t\t\t<div class=\"gwolle_gb_009b860b721ec9be74fac080f3baad86\" style=\"display:none;overflow:hidden;\" hidden=\"true\" aria-hidden=\"true\">\n\t\t\t\t<div class=\"label\">\n\t\t\t\t\t<label for=\"gwolle_gb_009b860b721ec9be74fac080f3baad86-1\" class=\"text-primary\">R\u00f8r ikke ved dette<\/label>\n\t\t\t\t\t<label for=\"gwolle_gb_8e3744f4ef2801693b2f2780c50555a7-1\" class=\"text-primary\">R\u00f8r ikke ved dette<\/label>\n\t\t\t\t<\/div>\n\t\t\t\t<div class=\"input\">\n\t\t\t\t\t<input value=\"89542\" type=\"text\" id=\"gwolle_gb_009b860b721ec9be74fac080f3baad86-1\" name=\"gwolle_gb_009b860b721ec9be74fac080f3baad86\" class=\"gwolle_gb_009b860b721ec9be74fac080f3baad86\" style=\"transform: translateY(10000px);\" \/>\n\t\t\t\t\t<input value=\"89542\" type=\"text\"id=\"gwolle_gb_8e3744f4ef2801693b2f2780c50555a7-1\" name=\"gwolle_gb_8e3744f4ef2801693b2f2780c50555a7\" class=\"gwolle_gb_8e3744f4ef2801693b2f2780c50555a7\" style=\"transform: translateY(10000px);\" \/>\n\t\t\t\t<\/div>\n\t\t\t\t<div class=\"clearBoth\"><\/div>\n\t\t\t<\/div><div class=\"gwolle_gb_content\">\n\t\t\t\t<div class=\"label\"><label for=\"gwolle_gb_content-1\" class=\"text-info\">G\u00e6stebogsindl\u00e6g <span class=\"required\">*<\/span><\/label><\/div>\n\t\t\t\t<div class=\"input\"><textarea id=\"gwolle_gb_content-1\" name=\"gwolle_gb_content\" class=\"gwolle_gb_content wp-exclude-emoji\" required ><\/textarea><\/div>\n\t\t\t\t\t<div class=\"clearBoth\">&nbsp;<\/div>\n\t\t\t\t<\/div><input type=\"hidden\" class=\"gwolle_gb_f6ba0de6fd73922dd0afe5acf04537ba\" id=\"gwolle_gb_f6ba0de6fd73922dd0afe5acf04537ba-1\" name=\"gwolle_gb_f6ba0de6fd73922dd0afe5acf04537ba\" value=\"0eca21168a\" \/>\n\t\t\t<div class=\"gwolle_gb_messages_bottom_container\"><\/div>\n\n\t\t\t<noscript><div class=\"no-js\">Advarsel: Denne formular kan kun benyttes, hvis JavaScript er aktiveret i din browser.<\/div><\/noscript>\n\n\t\t\t<div class=\"gwolle_gb_submit\">\n\t\t\t\t<div class=\"label gwolle-gb-invisible text-muted\">&nbsp;<\/div>\n\t\t\t\t<div class=\"input\">\n\t\t\t\t\t<input type=\"submit\" name=\"gwolle_gb_submit\" class=\"gwolle_gb_submit button btn btn-primary \" value=\"Send\" \/>\n\t\t\t\t\t<span class=\"gwolle_gb_submit_ajax_icon\"><\/span>\n\t\t\t\n\t\t\t\t<\/div>\n\t\t\t\t<div class=\"clearBoth\">&nbsp;<\/div>\n\t\t\t<\/div>\n\n\t\t\t<div class=\"gwolle_gb_notice\">\n\t\t\t\tFelter markeret med * er obligatoriske.<br \/>\r\nDin e-mailadresse vil ikke blive offentliggjort.<br \/>\r\nDet er muligt, at dit indl\u00e6g f\u00f8rst vil blive vist i g\u00e6stebogen, efter det er blevet genneml\u00e6st.<br \/>\r\nVi forbeholder os retten til at redigere, slette, eller ikke at offentligg\u00f8re indl\u00e6g.\n\t\t\t<\/div><\/form><div class=\"gwolle-gb-read gwolle-gb-ajax gwolle-gb-entries-list\" data-book_id=\"1\" data-page_id=\"1\">\n\t\t<div id=\"gwolle-gb-total\" class=\"gwolle-gb-total\">2 indl\u00e6g.<\/div><!-- Gwolle-GB Entry: Default Template Loaded -->\n\t\t\t\t<div class=\"gb-entry gb-entry_2 gb-entry-count_1 gwolle_gb_uneven gwolle-gb-uneven gwolle-gb-first\" id=\"gb-entry_2\" data-entry_id=\"2\">\n\t\t\t\t<article>\n\t\t\t\t\t<div class=\"gb-author-info\">\n\t\t\t\t\t\t<span class=\"gb-author-avatar\"><img referrerpolicy=\"no-referrer\" alt='Nicole' src='https:\/\/secure.gravatar.com\/avatar\/cacc3a35156c3032bac8f9118866029af99e889052a0c98fe03b0244e71d8330?s=32&#038;d=mm&#038;r=g' srcset='https:\/\/secure.gravatar.com\/avatar\/cacc3a35156c3032bac8f9118866029af99e889052a0c98fe03b0244e71d8330?s=64&#038;d=mm&#038;r=g 2x' class='avatar avatar-32 photo' height='32' width='32' \/><\/span>\n\t\t\t\t\t\t<span class=\"gb-author-name\">Nicole\n\t\t\t\t\t\t<\/span>\n\t\t\t\t\t\t<span class=\"gb-author-origin\">\n\t\t\t\t\t\t\t<span class=\"gb-author-origin-from-text\"> fra<\/span>\n\t\t\t\t\t\t\t<span class=\"gb-author-origin-text\"> Hamburg<\/span>\n\t\t\t\t\t\t<\/span>\n\t\t\t\t\t\t<span class=\"gb-datetime\">\n\t\t\t\t\t\t\t<span class=\"gb-date\"><span class=\"gb-date-wrote-text\"> skrev den<\/span><span class=\"gb-date-text\"> maj 24, 2024<\/span>\n\t\t\t\t\t\t\t<\/span><span class=\"gb-time\">\n\t\t\t\t\t\t\t\t\t<span class=\"gb-time-at-text\"> kl.<\/span>\n\t\t\t\t\t\t\t\t\t<span class=\"gb-time-text\"> 2:40 pm<\/span>\n\t\t\t\t\t\t\t\t<\/span>\n\t\t\t\t\t\t<\/span> \n\t\t\t\t\t<\/div>\n\t\t\t\t\t<div class=\"gb-entry-content\">Dear Sine and Ulrick,\r\nthank you for having us in your beautiful Sommerhus. The surrounding nature \/ huge garden is amazing which we enjoyed every day. The weather was so warm and sunny to have breakfast and dinner outside at the terrace. \r\nWe spent a lot of time outside playing and relaxing in the hammock \ud83d\ude42\r\nAlso the inside of the house (interior) is so lovely designed. The Kids loved the pool and the table tennis \/ billiard a lot.\r\nIf we are welcomed, we would like to come back next year in May \ud83d\ude42\r\nKind Regards\r\n\r\nClaudia &amp; Wolfgang\r\nNicole &amp; Matthias \r\nwith Tim (13) &amp; Luke (6)\n\t\t\t\t\t<\/div>\n\t\t\t\t<\/article>\n\t\t\t<\/div>\n\t\t\t<div class=\"gb-entry gb-entry_1 gb-entry-count_2 gwolle_gb_even gwolle-gb-even\" id=\"gb-entry_1\" data-entry_id=\"1\">\n\t\t\t\t<article>\n\t\t\t\t\t<div class=\"gb-author-info\">\n\t\t\t\t\t\t<span class=\"gb-author-avatar\"><img referrerpolicy=\"no-referrer\" alt='Ulrick' src='https:\/\/secure.gravatar.com\/avatar\/be9dc47768ca4c23f0565c2ffeaf70f45da3d8463402429b680b3c1e79062bec?s=32&#038;d=mm&#038;r=g' srcset='https:\/\/secure.gravatar.com\/avatar\/be9dc47768ca4c23f0565c2ffeaf70f45da3d8463402429b680b3c1e79062bec?s=64&#038;d=mm&#038;r=g 2x' class='avatar avatar-32 photo' height='32' width='32' \/><\/span>\n\t\t\t\t\t\t<span class=\"gb-author-name\"><i class=\"gb-moderator\">Ulrick<\/i>\n\t\t\t\t\t\t<\/span>\n\t\t\t\t\t\t<span class=\"gb-author-origin\">\n\t\t\t\t\t\t\t<span class=\"gb-author-origin-from-text\"> fra<\/span>\n\t\t\t\t\t\t\t<span class=\"gb-author-origin-text\"> Skanderborg<\/span>\n\t\t\t\t\t\t<\/span>\n\t\t\t\t\t\t<span class=\"gb-datetime\">\n\t\t\t\t\t\t\t<span class=\"gb-date\"><span class=\"gb-date-wrote-text\"> skrev den<\/span><span class=\"gb-date-text\"> august 30, 2021<\/span>\n\t\t\t\t\t\t\t<\/span><span class=\"gb-time\">\n\t\t\t\t\t\t\t\t\t<span class=\"gb-time-at-text\"> kl.<\/span>\n\t\t\t\t\t\t\t\t\t<span class=\"gb-time-text\"> 7:36 pm<\/span>\n\t\t\t\t\t\t\t\t<\/span>\n\t\t\t\t\t\t<\/span> \n\t\t\t\t\t<\/div>\n\t\t\t\t\t<div class=\"gb-entry-content\">K\u00e6re g\u00e6ster\nSkriv endelig et par noter om jeres ophold i vores hus. S\u00e6rligt hvis I synes at noget er godt - eller noget med fordel kunne g\u00f8res bedre.\n\nP\u00e5 forh\u00e5nd tusind tak!\n\t\t\t\t\t<\/div>\n\t\t\t\t<\/article>\n\t\t\t<\/div>\n\t\t\t<\/div><\/div>\n","protected":false},"excerpt":{"rendered":"","protected":false},"author":1,"featured_media":0,"parent":0,"menu_order":0,"comment_status":"closed","ping_status":"closed","template":"","meta":{"footnotes":""},"class_list":["post-243","page","type-page","status-publish","hentry"],"_links":{"self":[{"href":"http:\/\/www.baggeskaer.dk\/index.php?rest_route=\/wp\/v2\/pages\/243","targetHints":{"allow":["GET"]}}],"collection":[{"href":"http:\/\/www.baggeskaer.dk\/index.php?rest_route=\/wp\/v2\/pages"}],"about":[{"href":"http:\/\/www.baggeskaer.dk\/index.php?rest_route=\/wp\/v2\/types\/page"}],"author":[{"embeddable":true,"href":"http:\/\/www.baggeskaer.dk\/index.php?rest_route=\/wp\/v2\/users\/1"}],"replies":[{"embeddable":true,"href":"http:\/\/www.baggeskaer.dk\/index.php?rest_route=%2Fwp%2Fv2%2Fcomments&post=243"}],"version-history":[{"count":1,"href":"http:\/\/www.baggeskaer.dk\/index.php?rest_route=\/wp\/v2\/pages\/243\/revisions"}],"predecessor-version":[{"id":244,"href":"http:\/\/www.baggeskaer.dk\/index.php?rest_route=\/wp\/v2\/pages\/243\/revisions\/244"}],"wp:attachment":[{"href":"http:\/\/www.baggeskaer.dk\/index.php?rest_route=%2Fwp%2Fv2%2Fmedia&parent=243"}],"curies":[{"name":"wp","href":"https:\/\/api.w.org\/{rel}","templated":true}]}}